 the units digit of f?
4
Let i(g) = -4*g + 2. What is the tens digit of i(-7)?
3
What is the units digit of (-4)/3*(-4080)/32?
0
Suppose t = 13 + 19. What is the tens digit of t?
3
Suppose 4*i - 54 = 22. Let r be (-1)/(-3) + 16/6. Suppose -2*u + 5*s = -u - i, 39 = 5*u + r*s. What is the units digit of u?
9
Suppose 0 = 5*a - 19 + 69. Let o(z) = -z - 3. What is the units digit of o(a)?
7
Suppose 5*n = 15 + 5. What is the units digit of (n + -8)/((-4)/2)?
2
Let r(y) = y**3 + 4*y**2 - 5*y - 5. Let f be r(-5). What is the units digit of f/(-2) - 4/(-8)?
3
Suppose 4*u - p + 47 = 0, -2*u + 3*p = -5*u - 24. Suppose -3*v + 4*h = 22 + 10, 0 = 3*v + 2*h + 2. Let d = v - u. What is the units digit of d?
7
Let w(r) = -r + 10. What is the units digit of w(5)?
5
Let l(p) = 4*p**2 - p. Let x be l(1). Suppose -2*f + 45 = x*f. What is the units digit of f?
9
What is the units digit of 4 + (5 - 4) + -4?
1
Suppose -8*o - 24 = -376. What is the tens digit of o?
4
What is the units digit of 106/8 - 9/(-12)?
4
Suppose -2*k = k + 15. Let r = 2 - k. What is the units digit of r?
7
Suppose -t + 40 = -4*h, t - 57 + 14 = h. What is the tens digit of t?
4
Suppose 0*h = 4*h - 36. Let x = 18 - h. What is the units digit of x?
9
Let i(t) = -t**3 + 7*t**2 + t - 1. What is the tens digit of i(3)?
3
Suppose 4*o + 2*d - 11 + 1 = 0, -d + 11 = 4*o. Suppose i + o*i = 20. What is the units digit of i?
5
Let t(o) = -2*o + 2. Let h be t(-5). Suppose -5*v + 8 + h = 0. Suppose z = -z - s + 10, -4*s + 16 = v*z. What is the units digit of z?
6
Let h(i) be the third derivative of i**5/60 + i**4/6 + 2*i**3/3 - i**2. Let x(k) = -6*k + 37. Let f be x(7). What is the units digit of h(f)?
9
Let o = -2 + 32. What is the units digit of o?
0
Suppose -4*a - 51 = -367. What is the units digit of a?
9
What is the units digit of 4 + -7 - (-132)/2?
3
Let z(w) = -w**3 - w**2 - 4. Let c be z(0). Let g(p) = -2*p - 1. Let h be g(c). Let u = -4 + h. What is the units digit of u?
3
Suppose 0 = -3*d - 3*q - 27, d = -4*q - 4 - 11. Let w(g) = g**3 + 8*g**2 + 3*g + 8. What is the units digit of w(d)?
6
Suppose 5*v + 0*v - y = -2, -v + 2*y - 4 = 0. Let k = v + 2. What is the units digit of (-9)/(-3) - k - -5?
6
Let g be (-58)/18 + (-2)/(-9). Let d(r) = r + 3. Let t be d(3). Let h = t - g. What is the units digit of h?
9
Let v(q) = -14*q. Let u be v(-2). Suppose 0 = -2*b + 22 + u. Let x = -13 + b. What is the units digit of x?
2
Suppose 363 = 6*q - 729. What is the tens digit of q?
8
Suppose 2*y + 0*y = 62. What is the units digit of y?
1
Let p be 2/(-4) + (-18)/(-4). Suppose p*u - 8 = -4*w, -5*u - 16 = -u. Suppose w = -0*b + b. What is the units digit of b?
6
Let t(d) = -3*d - 1. Let m be t(5). Let k = m - -22. Let l = -4 + k. What is the units digit of l?
2
Let k be (-1)/(-1*2/8). What is the units digit of (-1 + k)*(4 + 0)?
2
Suppose -4*b = 4*n - 188, 8*n = 3*n - 4*b + 233. Let s = n + -28. What is the tens digit of s?
1
Let r = -14 + 5. Let q(n) = -n**2 - 10*n - 8. What is the units digit of q(r)?
1
Suppose -2*h + 6 = 2, -i + 3*h - 5 = 0. Let d = 0 + i. What is the units digit of d?
1
Let d(m) = -m**3 + 3*m**2 - m. Let n(u) = -2*u - 9. Let w be n(-6). Let p be d(w). Let i = p + 6. What is the units digit of i?
3
Let t(j) = -j**3 - 4*j**2 - 4*j + 5. What is the units digit of t(-6)?
1
Suppose 0 = -4*g - p + 844, -p - 828 = -4*g + 2*p. What is the units digit of g?
0
Let p = 45 + 45. What is the units digit of p?
0
Let g be 266/56 - 1/(-4). Suppose g*o = 3*o + 44. What is the tens digit of o?
2
Let u(r) = -3*r - 3. Let w be u(-2). Suppose w*m - 6 - 33 = 0. What is the tens digit of m?
1
Let i = 4 + -2. Suppose -2*o + j = -55, -6*o - 4*j + 140 = -i*o. What is the units digit of o?
0
What is the units digit of 31/(3 + (-20)/8)?
2
Let p be (-2)/(-6) - 3/9. Suppose 3 = r - p. Suppose 0 = 5*q + r*a - 25, 0 = a - 5*a + 20. What is the units digit of q?
2
Let i = 41 + -12. What is the units digit of i?
9
Let k(n) = -5*n + 1. Let a be k(-1). Suppose -c = -s + 19, -a*s = -3*s - 4*c - 58. What is the units digit of s?
8
Let t(d) = -d**3 - 2*d**2 + 7*d + 6. Let g be t(-4). Let c = 50 - g. What is the units digit of c?
0
Let z(j) = 21*j - 3. What is the units digit of z(3)?
0
Let z(x) = -4*x - 9. Suppose -8 = -2*h, o - h = -4*o - 39. What is the tens digit of z(o)?
1
Let b = 10 - 5. What is the units digit of b?
5
Let j(l) = -l + 11. Let n(o) = -o + 12. Let z(v) = -4*j(v) + 3*n(v). What is the units digit of z(9)?
1
Let n = 132 + -94. What is the tens digit of n?
3
Suppose 12*n - 4959 + 1083 = 0. What is the hundreds digit of n?
3
Let g be 117/15 + 1/5. Suppose -4*x + 4 + 16 = -o, -3*x - g = 5*o. Suppose -2*b = -z - 0*z + 5, -31 = -5*z + x*b. What is the units digit of z?
7
Let d = 2 - 8. Let k be 0 + (-1 - d/3). What is the units digit of k + 0 + 0 + 1?
2
Suppose -28 = -g - 3*g. Suppose -c - 2*u + g = -4*u, -5*c = -5*u - 30. What is the units digit of c?
5
Let i = -7 + 9. Suppose 2 = -w - 0*q - 2*q, 2*q = i*w - 20. What is the units digit of w?
6
Suppose 68 = 5*t - 352. Suppose -8*c + t = -4*c. What is the tens digit of c?
2
What is the hundreds digit of 5610/44*16/6?
3
Let m be 7*(-7)/((-21)/(-9)). Let t = m - -22. What is the units digit of t?
1
Suppose 5*a - 5*d = 170, -4*d - d = -a + 54. What is the tens digit of a?
2
Let m = -14 - -24. What is the units digit of m?
0
Suppose 2*o - 363 = -o. What is the tens digit of o?
2
Suppose 5*i = 2*i + 12. Let v = 11 + i. What is the tens digit of v?
1
What is the units digit of (98/35)/((3/20)/3)?
6
Suppose 0 = n + n - 3*p - 186, 2*p - 186 = -2*n. What is the tens digit of n?
9
What is the units digit of ((-100)/15)/((-1)/12)?
0
What is the tens digit of -6*((-6)/1 - 59)?
9
Let i(b) = -b**3 + 8*b**2 + 12*b - 4. What is the units digit of i(9)?
3
Let u = -3 - 1. Let p be 30/u*8/10. Let d(x) = x**3 + 5*x**2 - 10*x - 9. What is the units digit of d(p)?
5
Suppose -6*g + 96 = -18. What is the tens digit of g?
1
Suppose 0 = -4*c - 4*k + 104, 2*k = -3*c + 7*k + 38. What is the tens digit of c?
2
Let w(k) = 13*k**2 + 2*k - 6. What is the units digit of w(-2)?
2
Let i = 18 + 12. What is the tens digit of i?
3
Let h = 1 - -63. Suppose 5*c + 13 = 2*u, 2*c = -0*u + 5*u - h. Suppose -3*t = -4*i + 44, -10 = -2*i + 2*t + u. What is the units digit of i?
8
Let g(s) = -s - 1. Let k be g(-5). Suppose k*f - 8 = 12. Suppose -1 + 2 = -2*y + f*j, 4*j + 6 = 5*y. What is the units digit of y?
2
Suppose -6*j + 30 = -3*j + 5*i, i = -5*j + 28. Suppose 0 = j*w + r - 6, -w - 3*r = 10. What is the units digit of w?
2
Let n = 67 + -31. What is the tens digit of n?
3
Let a(m) = 13*m - 1. Let c be a(1). Suppose -x - x = -c. Suppose -3*g - 2 = f, -2*f = 3*g + g + x. What is the units digit of g?
1
Suppose d - 3*t = t + 20, 0 = 3*d - 3*t - 24. Let s = -11 - d. Let c = -9 - s. What is the units digit of c?
6
What is the units digit of -1 - ((0 - 3) + -42)?
4
Suppose -4*j + z + 190 = -89, 0 = 5*j + z - 342. Suppose -w - 2*w = -j. What is the units digit of w?
3
Let n be (0 + 22)*15/(-10). Let a = 54 + n. What is the tens digit of a?
2
Let c(u) = 0*u - 4*u - 4*u + u - 1. What is the units digit of c(-1)?
6
Let o(r) = r**3 - 10*r**2 - 14*r + 15. Let f be o(12). Suppose 5*y = -0*y - 25, -4*x - y = -f. What is the units digit of x?
5
Suppose -4*u + z = 6 + 11, -5*z + 28 = -u. Let c(g) = -g**3 + g**2 + 3*g - 4. What is the units digit of c(u)?
3
Let o(j) = -12*j - 2. Let n be o(-2). Let h = -16 + n. Suppose h = a + 3. What is the units digit of a?
3
Let c = 1 + -1. Suppose 4*q - 35 - 1 = c. What is the units digit of q?
9
Suppose 2*t + 0*t = u + 166, 5*t - 400 = -5*u. What is the units digit of t?
2
Let s(p) be the first derivative of p**2/2 - 5*p + 1. What is the units digit of s(7)?
2
Let v(l) = -2*l - 12. Suppose f - 4*k - 19 = 0, 4*f = k - 4 + 50. Let z be (f/(-2))/((-2)/(-4)). What is the tens digit of v(z)?
1
Let u(v) = -v**3 - 4*v**2 - 13*v - 51. What is the units digit of u(-8)?
9
Let w be (12/10)/(18/45). Suppose w*m = 6, -m + 70 = 2*o - 0*m. Suppose 2*c - o = 4. What is the units digit of c?
9
Let z = -5 - -8. Let u = 33 - z. What is the tens digit of u?
3
Let v(j) = -4*j**2 - 2. Let c be v(-2). Let m be (-2)/(16/c - -1). What is the units digit of 8/36 + (-86)/m?
5
Suppose -3*y = y - 44. Suppose -2*r - y